at is the tens digit of f?
5
Suppose 5*n - 292790 = -2*x, 3*n - x = 211642 - 35968. What is the thousands digit of n?
8
Let x(o) = -o**3 - 10*o**2 - 24*o + 2. Suppose 5 = 2*v + 13. Let i be x(v). What is the hundreds digit of (111 - 15/(-5)) + i?
1
Suppose 2*g + 5 = 9. Let z be 107 - (-3)/(-2*1/g). Suppose -4*m - 2*j = -376, 5*j = -m + 2*j + z. What is the units digit of m?
2
Suppose -196592 = -4*s + 213*l - 210*l, -2*l + 196552 = 4*s. What is the thousands digit of s?
9
Suppose 28 - 97 = -23*h. What is the hundreds digit of 10 + 351 + (-1)/h*-3?
3
Suppose 5*x = -2*b + 3, 0 = 5*b + 10*x - 12*x - 51. Suppose b*t - 446 = 4576. What is the hundreds digit of t?
5
Let s = 9022 + -3821. What is the tens digit of s?
0
Suppose 433*p = 338*p + 2625990. What is the ten thousands digit of p?
2
Let f = 19971 - 8499. What is the units digit of f?
2
Let w(i) = 5*i**3 - 14*i**2 + 11*i + 7. What is the tens digit of w(9)?
1
Let y(p) = 308*p**2 - 20*p + 19. Let o be y(4). Suppose -o = -5*w - 4*s, 2484 = 2*w - s + 532. What is the hundreds digit of w?
9
Suppose 7425 = 15*q - 10*q + 10*j, j + 5 = 0. What is the thousands digit of q?
1
Let r = 31771 - 26598. What is the units digit of r?
3
Let m(b) = b**3 + 4*b**2 - b - 4. Let s be m(-4). Suppose -16*d + 5690 + 342 = s. What is the tens digit of d?
7
Let z(o) = 1094*o**3 - 26*o**2 + 40*o + 10. What is the thousands digit of z(2)?
8
Let o = -169 + 174. Suppose 0*t + 4*t + 723 = 3*r, -o*r + 1210 = -5*t. What is the tens digit of r?
4
Suppose 5*u - 23*h - 854 = -22*h, -u = 3*h - 174. What is the hundreds digit of u?
1
Suppose 20 = 3*j - 0*u - u, 0 = -4*j + 5*u + 45. Let b(p) = 15*p**2 + 10*p - 25. What is the units digit of b(j)?
0
Suppose 0 = -8*k + 3*k + 2*z + 180, 0 = 5*k + z - 180. Suppose -k*y + 604 = -32*y. What is the units digit of y?
1
Suppose 25 - 25 = -7*x. Suppose x = -c + 5*k + 25 + 97, -4*k = 16. What is the tens digit of c?
0
Let z be (3/2)/(9*3/36). Suppose z*c = 72 - 916. Let v = c - -615. What is the hundreds digit of v?
1
Let o be 5 - 6610/(20/4). Let g = o - -2309. What is the tens digit of g?
9
Let w = 64 + -59. Suppose 3056 = w*b - 2*o, 7*b - 5*o = 12*b - 3070. What is the tens digit of b?
1
What is the hundreds digit of (39/18*-2)/((1593/(-442422))/59)?
0
Let l = -305 + -59. Let b = l + 772. What is the hundreds digit of b?
4
Suppose 0 = -256*d + 1916622 + 3182642. What is the units digit of d?
9
Suppose 2*t - 3*z - 2 = 0, -4*z - 1 = -t - 0*t. What is the tens digit of 8/(-6)*-3*51*t?
0
Suppose 0 = -2*u - 93 + 99. Let a(f) = -16*f**3 - 2*f**u - 2*f**2 - 3*f - 1 - 1 - 6*f**3. What is the units digit of a(-2)?
8
Let l be (6606/12)/(-3)*-2. Suppose 0 = b + 5*v - l, 19*b - 16*b - 4*v = 1082. What is the units digit of b?
2
Let z(j) = -j**2 + 4*j + 23. Let i be z(-4). What is the units digit of i*(-4)/6 - -205?
1
Suppose -g = -4*s - 0 - 7, 0 = 3*g + 5*s + 13. What is the tens digit of 6 + 1 + 501 - 0/g?
0
Suppose -210629 = -5*a + 2*s, 6*a - 42133 = 5*a - 2*s. What is the ten thousands digit of a?
4
Suppose -q + s + 5397 = 0, 5*q + 3*s = 35989 - 9036. What is the hundreds digit of q?
3
Suppose 4*a - 12 = 2*g - 6*g, 2*g + a = 2. What is the units digit of ((-100)/125)/((4/8850)/g)?
0
Let o = -30755 + 70094. What is the tens digit of o?
3
Let h = 2 + -4. Let c be -115*(-2 - h/((-8)/(-4))). Suppose -2*w = -c - 101. What is the units digit of w?
8
Let g(z) be the second derivative of z**4/6 + 11*z**3/2 + 81*z**2 - 2*z + 111. What is the tens digit of g(-27)?
2
Suppose 48*x - 44*x - 2*m - 70430 = 0, -2*m = 9*x - 158500. What is the hundreds digit of x?
6
Suppose -855331 = -28*b - 56127. What is the thousands digit of b?
8
Suppose -7060 = -58*m + 42762. Suppose -11*h + 681 = -m. What is the units digit of h?
0
Suppose -4*d = 2*n - 248, -4*n = 5*d - 0*d - 316. Let i = -49 + d. Suppose 356 = -7*m + i*m. What is the units digit of m?
9
Let b(n) = 115*n - 571. Let i be b(2). Suppose 0*j = 4*j + 944. Let z = j - i. What is the hundreds digit of z?
1
Let p be (-6 - -6)*2/(-8). Suppose v + p*v - 2 = 0. Suppose 2*z - m - 59 = 0, -z - 3*m = 2*m - v. What is the tens digit of z?
2
Let b be (-13 + 17)*(-17)/(-2). Let o(l) = -l**2 + 41*l. What is the tens digit of o(b)?
3
Let b(c) = -c**3 - c**2 + 1. Let i(o) = -3*o**3 - 14*o**2 + 15. Let j(l) = 4*b(l) - i(l). Let q be j(9). What is the units digit of 0 - (-1 - 1 - q/2)?
7
Suppose -4*l - 7 = -5*o, 4*l - 5*l - 2*o = 5. Let d be (-4)/(-3)*(-1 - 2). What is the units digit of (d + (-22)/l)/((-2)/(-3))?
5
Let c(l) = 4*l**3 + 2*l**2 + 17*l - 10. Let w(j) = j**3 - 5*j**2 + 11*j - 49. Let y be w(5). What is the hundreds digit of c(y)?
0
Suppose -4*x = -j - 3*j + 276, -345 = -5*j - 2*x. Suppose -469 = -5*d - j. Suppose 77*c + 9 = d*c. What is the units digit of c?
3
What is the tens digit of (-2)/(-6) + (19 - (-1328)/12)?
3
Suppose 5*l + 10 = -5. What is the units digit of l + -155*(-21)/7?
2
What is the units digit of ((-144891)/12)/(6/(-16)) + (-27 - -22)?
3
Let s = -907 + 16727. What is the hundreds digit of s?
8
Let g be ((-48)/(-10) - 0)*65/26. Suppose -13 - 3515 = -g*j. What is the units digit of j?
4
Let x(b) = 5988*b - 6014. What is the thousands digit of x(3)?
1
What is the hundreds digit of (-3 + (-18975)/9)/(-2*5/60)?
6
Let v = 2883 - 2462. What is the hundreds digit of v?
4
Let o(a) = 7*a**2 - a + 2. Let x be o(1). Suppose -3*p - 4*s + x = p, -6 = -5*p - 3*s. Suppose -w = -y + 96, 2*y = -p*w - w + 198. What is the tens digit of y?
9
Let x(p) be the second derivative of p**5/30 - 7*p**4/24 - p**3/3 - 7*p**2/2 + 23*p. Let j(n) be the first derivative of x(n). What is the tens digit of j(-5)?
8
Suppose 834 = -3*r + d - 4*d, 0 = -2*r + 4*d - 580. Let f be ((-18)/(-27))/(4/r). Let b = f - -60. What is the units digit of b?
3
Let r(q) = -2*q**2 - 3*q - 26. Let l(o) = -o**2 - o. Let h(k) = -5*l(k) + r(k). What is the hundreds digit of h(9)?
2
Let a = 2 - -5. Suppose a*t + 1052 = 2*z + 3*t, -4*z - 2*t + 2124 = 0. What is the tens digit of z?
3
Let p = -246 + 856. Let d = -1471 - -1047. Let z = d + p. What is the tens digit of z?
8
Let g(f) = -407*f - 2*f**2 + 3*f**2 - 2 + 48*f**3 + 405*f. Let w be g(-1). Let z = 11 - w. What is the units digit of z?
8
Suppose 0 = -3*m + h + 53735, -2*m - 22958 = 2*h - 58784. What is the ten thousands digit of m?
1
Let v(i) = -i + 48. Let n be v(47). Let d(x) = 39*x**3 - 2*x**2 + x - 1. What is the units digit of d(n)?
7
Suppose 4*o = 23 + 13. Suppose -o*d + 22 + 5 = 0. Suppose 226 = 3*t + k, -k + d*k = 4*t - 308. What is the tens digit of t?
7
Let m = -19750 + 78975. What is the tens digit of m?
2
Suppose 5*a - 249857 = -4*i, -42*i = -3*a - 37*i + 149966. What is the tens digit of a?
7
Suppose 14*m + 108664 - 299344 = 0. What is the thousands digit of m?
3
Let b = -2803 - -23856. What is the ten thousands digit of b?
2
Let n(d) = -38*d**2 - 38*d**2 - 24 - 27*d + 114*d**2 - 41*d**2. Let v be n(-11). Let m = v - -221. What is the tens digit of m?
3
Let y be ((-42)/(-4) + 0)*12/9. Suppose -3*d + 10 + y = 0. Suppose -2*p = 2*u - 110, u + 3 - d = 0. What is the units digit of p?
0
What is the hundreds digit of 18*-1434*14/(-84)?
3
Let u = -95 + 1418. Suppose u + 4407 = 15*s. What is the hundreds digit of s?
3
Let g = 5870 + -2898. What is the tens digit of g?
7
Let k = -34799 - -96099. What is the tens digit of k?
0
Let y = 4039 + -1067. What is the units digit of y?
2
Let l be 19*(-21)/(-14)*-2. What is the hundreds digit of (l/(-15) - 4) + 3918/15?
2
Let j be (1/(-2))/(2/(2 + -10)). Let c(w) = -2*w + 21. Let p be c(-4). Suppose -j*t = -239 - p. What is the hundreds digit of t?
1
Let w = 1851 - -7419. What is the hundreds digit of w?
2
Let j = 128 + -110. What is the tens digit of 234/(-81) + 3 - (-3814)/j?
1
Suppose 122*r - 1745 = 117*r. Suppose 719*q - r = 718*q. What is the hundreds digit of q?
3
Suppose -8*w - 5*f = -408831 + 29424, 0 = -5*w - 2*f + 237126. What is the hundreds digit of w?
4
Suppose 2*g = t + 329 + 1117, 0 = -g + 3*t + 728. Let o = g + -132. What is the tens digit of o?
9
Suppose 0 = 817*y - 808*y - 3699. What is the units digit of y?
1
Let f be ((-530)/110 - -5) + 4/(-22). Suppose -8*n + 2515 + 2237 = f. What is the units digit of n?
4
Suppose -4*j = u - 24, -3*j + 103 = 5*u - 0*u. Suppose 3*a - 44 = -u. Let r(f) =